{"id":2597,"date":"2023-04-13T22:32:46","date_gmt":"2023-04-13T20:32:46","guid":{"rendered":"http:\/\/linedaenen.com\/?page_id=2597"},"modified":"2024-08-28T17:01:46","modified_gmt":"2024-08-28T15:01:46","slug":"about","status":"publish","type":"page","link":"https:\/\/linedaenen.com\/index.php\/about\/","title":{"rendered":"About"},"content":{"rendered":"<section class=\"wpb-content-wrapper\"><p>[vc_row][vc_column width=&#8221;1\/3&#8243;][vc_single_image image=&#8221;2608&#8243; img_size=&#8221;Large&#8221;]\t\r\n\t<div class=\"lc_button button_left\">\r\n\t\t<a href=\"http:\/\/linedaenen.com\/index.php\/js_photo_albums\/line\/\" alt=\"gallery\" target=\"_self\">\r\n\t\t\tgallery\t\t<\/a>\r\n\t<\/div>\r\n\t\t\t<div class=\"clearfix\"><\/div>\r\n\t\r\n\t[\/vc_column][vc_column width=&#8221;1\/3&#8243;][vc_column_text]Musicienne au bagage multiple, elle ne cesse de par sa curiosit\u00e9 d\u00e9bordante, d&#8217;explorer diff\u00e9rents styles de musiques tels que le choro (musique br\u00e9silienne), la salsa, l\u2019improvisation libre en passant par le jazz.<\/p>\n<p>D\u00e9tentrice d&#8217;un baccalaur\u00e9at en musique classique (IMEP-2008) et d&#8217;un Master en jazz (KCB-2015), elle fonde \u00ab La Malanga \u00bb (salsa) en 2016 avec qui elle tourne sur de multiples sc\u00e8nes tels que: festival Esperanzah, Fiesta Latina ou encore Jam in Jette.<\/p>\n<p>En 2017, elle cr\u00e9e le groupe Synapses avec Christophe Grout avec lequel elle explore un langage musical bas\u00e9 l&#8217;expression d&#8217;\u00e9tat \u00e9motif et sur la recherche de mati\u00e8res sonores \u00e0 l&#8217;aide de leur instrument respectif (fl\u00fbte et structure sonore). Ils sortent leur premier EP en 2020 sous le label \u00ab Off Records \u00bb : <a href=\"https:\/\/stilll-off.bandcamp.com\/album\/introduction?fbclid=IwAR1etLjRLzrWAWJXTE_B3huP_cGdeIZuj3-UGuPcjS551ph1kuHsfZlmoV0\">Introduction<\/a><\/p>\n<p>En parall\u00e8le, elle fonde avec le guitariste Beno\u00eet Minon le groupe &#8220;Compasso de Gato&#8221; en 2020 avec lequel ils p\u00e9r\u00e9grinent aux travers des musiques br\u00e9siliennes et latines avec une pr\u00e9cision fine agr\u00e9ment\u00e9e de po\u00e9sie et l\u00e9g\u00e8ret\u00e9.<\/p>\n<p>Depuis mars 2022, elle travaille sur un nouveau projet qui s\u2019intitule \u00ab L\u2019Odyss\u00e9e du schmilblick \u00bb avec le groupe Synapses avec lequel ils arrivent un premier aboutissement de leur travail en collaboration avec une \u00e9cole d&#8217;enfants &#8220;neuro-atypiques&#8221;.<\/p>\n<p>En avril 2023, elle commence \u00e0 jouer avec Renato Martins et Beno\u00eet Minon le groupe Trio Misturado, une musique de compositions, de musiques latines et br\u00e9siliennes ainsi qu\u2019aux influences jazz.<\/p>\n<p>Depuis, elle continue de nourrir sa curiosit\u00e9 en multipliant les rencontres, les recherches musicales et en multipliant les prestations sc\u00e9niques avec divers groupes.[\/vc_column_text][\/vc_column][vc_column width=&#8221;1\/3&#8243;][vc_column_text]<\/p>\n<p>A musician with a multi-faceted background, her boundless curiosity never ceases to explore different musical styles, including choro (Brazilian music), salsa, free improvisation and jazz.<\/p>\n<p>Holder of a Bachelor&#8217;s degree in classical music (IMEP-2008) and a Master&#8217;s degree in jazz (KCB-2015), she founded &#8220;La Malanga&#8221; (salsa) in 2016 with whom she tours on multiple stages such as: festival Esperanzah, Fiesta Latina or Jam in Jette.<\/p>\n<p>In 2017, she created the group Synapses with Christophe Grout, with whom she explores a musical language based on the expression of emotional states and on the search for sound materials using their respective instruments (flute and sound structure). They release their first EP in 2020 on the &#8220;Off Records&#8221; label: Introduction.<\/p>\n<p>At the same time, she and guitarist Beno\u00eet Minon founded the group &#8220;Compasso de Gato&#8221; in 2020, with whom they peregrinate through Brazilian and Latin music with fine precision, poetry and lightness.<\/p>\n<p>Since March 2022, she has been working on a new project entitled &#8220;L&#8217;Odyss\u00e9e du schmilblick&#8221; with the group Synapses, with whom they have reached the first culmination of their work with a school for &#8220;neuro-atypical&#8221; children.<\/p>\n<p>In April 2023, she joined forces with Renato Martins and Beno\u00eet Minon to form the Trio Misturado, a group whose music features compositions, Latin and Brazilian music and jazz influences.<\/p>\n<p>Since then, she has continued to nurture her curiosity through encounters, musical research and live performances with various groups.[\/vc_column_text][\/vc_column][\/vc_row]<\/p>\n<\/section>","protected":false},"excerpt":{"rendered":"<p>[vc_row][vc_column width=&#8221;1\/3&#8243;][vc_single_image image=&#8221;2608&#8243; img_size=&#8221;Large&#8221;][\/vc_column][vc_column width=&#8221;1\/3&#8243;][vc_column_text]Musicienne au bagage multiple, elle ne cesse de par sa curiosit\u00e9 d\u00e9bordante, d&#8217;explorer diff\u00e9rents styles de musiques tels que le choro (musique br\u00e9silienne), la salsa, l\u2019improvisation libre en passant par le jazz. D\u00e9tentrice d&#8217;un baccalaur\u00e9at en&#8230;<\/p>\n","protected":false},"author":1,"featured_media":0,"parent":0,"menu_order":0,"comment_status":"closed","ping_status":"closed","template":"","meta":{"footnotes":""},"class_list":["post-2597","page","type-page","status-publish","hentry"],"yoast_head":"<!-- This site is optimized with the Yoast SEO plugin v23.0 - https:\/\/yoast.com\/wordpress\/plugins\/seo\/ -->\n<title>About -<\/title>\n<meta name=\"robots\" content=\"index, follow, max-snippet:-1, max-image-preview:large, max-video-preview:-1\" \/>\n<link rel=\"canonical\" href=\"https:\/\/linedaenen.com\/index.php\/about\/\" \/>\n<meta property=\"og:locale\" content=\"fr_FR\" \/>\n<meta property=\"og:type\" content=\"article\" \/>\n<meta property=\"og:title\" content=\"About -\" \/>\n<meta property=\"og:description\" content=\"[vc_row][vc_column width=&#8221;1\/3&#8243;][vc_single_image image=&#8221;2608&#8243; img_size=&#8221;Large&#8221;][\/vc_column][vc_column width=&#8221;1\/3&#8243;][vc_column_text]Musicienne au bagage multiple, elle ne cesse de par sa curiosit\u00e9 d\u00e9bordante, d&#8217;explorer diff\u00e9rents styles de musiques tels que le choro (musique br\u00e9silienne), la salsa, l\u2019improvisation libre en passant par le jazz. D\u00e9tentrice d&#8217;un baccalaur\u00e9at en...\" \/>\n<meta property=\"og:url\" content=\"https:\/\/linedaenen.com\/index.php\/about\/\" \/>\n<meta property=\"article:publisher\" content=\"https:\/\/www.facebook.com\/line.daenen\" \/>\n<meta property=\"article:modified_time\" content=\"2024-08-28T15:01:46+00:00\" \/>\n<meta name=\"twitter:card\" content=\"summary_large_image\" \/>\n<meta name=\"twitter:label1\" content=\"Dur\u00e9e de lecture estim\u00e9e\" \/>\n\t<meta name=\"twitter:data1\" content=\"3 minutes\" \/>\n<script type=\"application\/ld+json\" class=\"yoast-schema-graph\">{\"@context\":\"https:\/\/schema.org\",\"@graph\":[{\"@type\":\"WebPage\",\"@id\":\"https:\/\/linedaenen.com\/index.php\/about\/\",\"url\":\"https:\/\/linedaenen.com\/index.php\/about\/\",\"name\":\"About -\",\"isPartOf\":{\"@id\":\"https:\/\/linedaenen.com\/#website\"},\"datePublished\":\"2023-04-13T20:32:46+00:00\",\"dateModified\":\"2024-08-28T15:01:46+00:00\",\"breadcrumb\":{\"@id\":\"https:\/\/linedaenen.com\/index.php\/about\/#breadcrumb\"},\"inLanguage\":\"fr-FR\",\"potentialAction\":[{\"@type\":\"ReadAction\",\"target\":[\"https:\/\/linedaenen.com\/index.php\/about\/\"]}]},{\"@type\":\"BreadcrumbList\",\"@id\":\"https:\/\/linedaenen.com\/index.php\/about\/#breadcrumb\",\"itemListElement\":[{\"@type\":\"ListItem\",\"position\":1,\"name\":\"Accueil\",\"item\":\"https:\/\/linedaenen.com\/\"},{\"@type\":\"ListItem\",\"position\":2,\"name\":\"About\"}]},{\"@type\":\"WebSite\",\"@id\":\"https:\/\/linedaenen.com\/#website\",\"url\":\"https:\/\/linedaenen.com\/\",\"name\":\"Line Daenen\",\"description\":\"\",\"publisher\":{\"@id\":\"https:\/\/linedaenen.com\/#organization\"},\"potentialAction\":[{\"@type\":\"SearchAction\",\"target\":{\"@type\":\"EntryPoint\",\"urlTemplate\":\"https:\/\/linedaenen.com\/?s={search_term_string}\"},\"query-input\":\"required name=search_term_string\"}],\"inLanguage\":\"fr-FR\"},{\"@type\":\"Organization\",\"@id\":\"https:\/\/linedaenen.com\/#organization\",\"name\":\"Line Daenen\",\"url\":\"https:\/\/linedaenen.com\/\",\"logo\":{\"@type\":\"ImageObject\",\"inLanguage\":\"fr-FR\",\"@id\":\"https:\/\/linedaenen.com\/#\/schema\/logo\/image\/\",\"url\":\"https:\/\/linedaenen.com\/wp-content\/uploads\/2024\/07\/DYOD_7171.jpg\",\"contentUrl\":\"https:\/\/linedaenen.com\/wp-content\/uploads\/2024\/07\/DYOD_7171.jpg\",\"width\":1555,\"height\":2333,\"caption\":\"Line Daenen\"},\"image\":{\"@id\":\"https:\/\/linedaenen.com\/#\/schema\/logo\/image\/\"},\"sameAs\":[\"https:\/\/www.facebook.com\/line.daenen\",\"https:\/\/www.youtube.com\/channel\/UC3VL_rU4orGFkJdhfT6GgGQ\"]}]}<\/script>\n<!-- \/ Yoast SEO plugin. -->","yoast_head_json":{"title":"About -","robots":{"index":"index","follow":"follow","max-snippet":"max-snippet:-1","max-image-preview":"max-image-preview:large","max-video-preview":"max-video-preview:-1"},"canonical":"https:\/\/linedaenen.com\/index.php\/about\/","og_locale":"fr_FR","og_type":"article","og_title":"About -","og_description":"[vc_row][vc_column width=&#8221;1\/3&#8243;][vc_single_image image=&#8221;2608&#8243; img_size=&#8221;Large&#8221;][\/vc_column][vc_column width=&#8221;1\/3&#8243;][vc_column_text]Musicienne au bagage multiple, elle ne cesse de par sa curiosit\u00e9 d\u00e9bordante, d&#8217;explorer diff\u00e9rents styles de musiques tels que le choro (musique br\u00e9silienne), la salsa, l\u2019improvisation libre en passant par le jazz. D\u00e9tentrice d&#8217;un baccalaur\u00e9at en...","og_url":"https:\/\/linedaenen.com\/index.php\/about\/","article_publisher":"https:\/\/www.facebook.com\/line.daenen","article_modified_time":"2024-08-28T15:01:46+00:00","twitter_card":"summary_large_image","twitter_misc":{"Dur\u00e9e de lecture estim\u00e9e":"3 minutes"},"schema":{"@context":"https:\/\/schema.org","@graph":[{"@type":"WebPage","@id":"https:\/\/linedaenen.com\/index.php\/about\/","url":"https:\/\/linedaenen.com\/index.php\/about\/","name":"About -","isPartOf":{"@id":"https:\/\/linedaenen.com\/#website"},"datePublished":"2023-04-13T20:32:46+00:00","dateModified":"2024-08-28T15:01:46+00:00","breadcrumb":{"@id":"https:\/\/linedaenen.com\/index.php\/about\/#breadcrumb"},"inLanguage":"fr-FR","potentialAction":[{"@type":"ReadAction","target":["https:\/\/linedaenen.com\/index.php\/about\/"]}]},{"@type":"BreadcrumbList","@id":"https:\/\/linedaenen.com\/index.php\/about\/#breadcrumb","itemListElement":[{"@type":"ListItem","position":1,"name":"Accueil","item":"https:\/\/linedaenen.com\/"},{"@type":"ListItem","position":2,"name":"About"}]},{"@type":"WebSite","@id":"https:\/\/linedaenen.com\/#website","url":"https:\/\/linedaenen.com\/","name":"Line Daenen","description":"","publisher":{"@id":"https:\/\/linedaenen.com\/#organization"},"potentialAction":[{"@type":"SearchAction","target":{"@type":"EntryPoint","urlTemplate":"https:\/\/linedaenen.com\/?s={search_term_string}"},"query-input":"required name=search_term_string"}],"inLanguage":"fr-FR"},{"@type":"Organization","@id":"https:\/\/linedaenen.com\/#organization","name":"Line Daenen","url":"https:\/\/linedaenen.com\/","logo":{"@type":"ImageObject","inLanguage":"fr-FR","@id":"https:\/\/linedaenen.com\/#\/schema\/logo\/image\/","url":"https:\/\/linedaenen.com\/wp-content\/uploads\/2024\/07\/DYOD_7171.jpg","contentUrl":"https:\/\/linedaenen.com\/wp-content\/uploads\/2024\/07\/DYOD_7171.jpg","width":1555,"height":2333,"caption":"Line Daenen"},"image":{"@id":"https:\/\/linedaenen.com\/#\/schema\/logo\/image\/"},"sameAs":["https:\/\/www.facebook.com\/line.daenen","https:\/\/www.youtube.com\/channel\/UC3VL_rU4orGFkJdhfT6GgGQ"]}]}},"_links":{"self":[{"href":"https:\/\/linedaenen.com\/index.php\/wp-json\/wp\/v2\/pages\/2597","targetHints":{"allow":["GET"]}}],"collection":[{"href":"https:\/\/linedaenen.com\/index.php\/wp-json\/wp\/v2\/pages"}],"about":[{"href":"https:\/\/linedaenen.com\/index.php\/wp-json\/wp\/v2\/types\/page"}],"author":[{"embeddable":true,"href":"https:\/\/linedaenen.com\/index.php\/wp-json\/wp\/v2\/users\/1"}],"replies":[{"embeddable":true,"href":"https:\/\/linedaenen.com\/index.php\/wp-json\/wp\/v2\/comments?post=2597"}],"version-history":[{"count":12,"href":"https:\/\/linedaenen.com\/index.php\/wp-json\/wp\/v2\/pages\/2597\/revisions"}],"predecessor-version":[{"id":3252,"href":"https:\/\/linedaenen.com\/index.php\/wp-json\/wp\/v2\/pages\/2597\/revisions\/3252"}],"wp:attachment":[{"href":"https:\/\/linedaenen.com\/index.php\/wp-json\/wp\/v2\/media?parent=2597"}],"curies":[{"name":"wp","href":"https:\/\/api.w.org\/{rel}","templated":true}]}}

<section class="wpb-content-wrapper"><p>[vc_row][vc_column width=&#8221;1/3&#8243;][vc_single_image image=&#8221;2608&#8243; img_size=&#8221;Large&#8221;]	
	<div class="lc_button button_left">
		<a href="http://linedaenen.com/index.php/js_photo_albums/line/" alt="gallery" target="_self">
			gallery		</a>
	</div>
			<div class="clearfix"></div>
	
	[/vc_column][vc_column width=&#8221;1/3&#8243;][vc_column_text]Musicienne au bagage multiple, elle ne cesse de par sa curiosité débordante, d&#8217;explorer différents styles de musiques tels que le choro (musique brésilienne), la salsa, l’improvisation libre en passant par le jazz.</p>
<p>Détentrice d&#8217;un baccalauréat en musique classique (IMEP-2008) et d&#8217;un Master en jazz (KCB-2015), elle fonde « La Malanga » (salsa) en 2016 avec qui elle tourne sur de multiples scènes tels que: festival Esperanzah, Fiesta Latina ou encore Jam in Jette.</p>
<p>En 2017, elle crée le groupe Synapses avec Christophe Grout avec lequel elle explore un langage musical basé l&#8217;expression d&#8217;état émotif et sur la recherche de matières sonores à l&#8217;aide de leur instrument respectif (flûte et structure sonore). Ils sortent leur premier EP en 2020 sous le label « Off Records » : <a href="https://stilll-off.bandcamp.com/album/introduction?fbclid=IwAR1etLjRLzrWAWJXTE_B3huP_cGdeIZuj3-UGuPcjS551ph1kuHsfZlmoV0">Introduction</a></p>
<p>En parallèle, elle fonde avec le guitariste Benoît Minon le groupe &#8220;Compasso de Gato&#8221; en 2020 avec lequel ils pérégrinent aux travers des musiques brésiliennes et latines avec une précision fine agrémentée de poésie et légèreté.</p>
<p>Depuis mars 2022, elle travaille sur un nouveau projet qui s’intitule « L’Odyssée du schmilblick » avec le groupe Synapses avec lequel ils arrivent un premier aboutissement de leur travail en collaboration avec une école d&#8217;enfants &#8220;neuro-atypiques&#8221;.</p>
<p>En avril 2023, elle commence à jouer avec Renato Martins et Benoît Minon le groupe Trio Misturado, une musique de compositions, de musiques latines et brésiliennes ainsi qu’aux influences jazz.</p>
<p>Depuis, elle continue de nourrir sa curiosité en multipliant les rencontres, les recherches musicales et en multipliant les prestations scéniques avec divers groupes.[/vc_column_text][/vc_column][vc_column width=&#8221;1/3&#8243;][vc_column_text]</p>
<p>A musician with a multi-faceted background, her boundless curiosity never ceases to explore different musical styles, including choro (Brazilian music), salsa, free improvisation and jazz.</p>
<p>Holder of a Bachelor&#8217;s degree in classical music (IMEP-2008) and a Master&#8217;s degree in jazz (KCB-2015), she founded &#8220;La Malanga&#8221; (salsa) in 2016 with whom she tours on multiple stages such as: festival Esperanzah, Fiesta Latina or Jam in Jette.</p>
<p>In 2017, she created the group Synapses with Christophe Grout, with whom she explores a musical language based on the expression of emotional states and on the search for sound materials using their respective instruments (flute and sound structure). They release their first EP in 2020 on the &#8220;Off Records&#8221; label: Introduction.</p>
<p>At the same time, she and guitarist Benoît Minon founded the group &#8220;Compasso de Gato&#8221; in 2020, with whom they peregrinate through Brazilian and Latin music with fine precision, poetry and lightness.</p>
<p>Since March 2022, she has been working on a new project entitled &#8220;L&#8217;Odyssée du schmilblick&#8221; with the group Synapses, with whom they have reached the first culmination of their work with a school for &#8220;neuro-atypical&#8221; children.</p>
<p>In April 2023, she joined forces with Renato Martins and Benoît Minon to form the Trio Misturado, a group whose music features compositions, Latin and Brazilian music and jazz influences.</p>
<p>Since then, she has continued to nurture her curiosity through encounters, musical research and live performances with various groups.[/vc_column_text][/vc_column][/vc_row]</p>
</section>

<p>[vc_row][vc_column width=&#8221;1/3&#8243;][vc_single_image image=&#8221;2608&#8243; img_size=&#8221;Large&#8221;][/vc_column][vc_column width=&#8221;1/3&#8243;][vc_column_text]Musicienne au bagage multiple, elle ne cesse de par sa curiosité débordante, d&#8217;explorer différents styles de musiques tels que le choro (musique brésilienne), la salsa, l’improvisation libre en passant par le jazz. Détentrice d&#8217;un baccalauréat en&#8230;</p>

<!-- This site is optimized with the Yoast SEO plugin v23.0 - https://yoast.com/wordpress/plugins/seo/ -->
<title>About -</title>
<meta name="robots" content="index, follow, max-snippet:-1, max-image-preview:large, max-video-preview:-1" />
<link rel="canonical" href="https://linedaenen.com/index.php/about/" />
<meta property="og:locale" content="fr_FR" />
<meta property="og:type" content="article" />
<meta property="og:title" content="About -" />
<meta property="og:description" content="[vc_row][vc_column width=&#8221;1/3&#8243;][vc_single_image image=&#8221;2608&#8243; img_size=&#8221;Large&#8221;][/vc_column][vc_column width=&#8221;1/3&#8243;][vc_column_text]Musicienne au bagage multiple, elle ne cesse de par sa curiosité débordante, d&#8217;explorer différents styles de musiques tels que le choro (musique brésilienne), la salsa, l’improvisation libre en passant par le jazz. Détentrice d&#8217;un baccalauréat en..." />
<meta property="og:url" content="https://linedaenen.com/index.php/about/" />
<meta property="article:publisher" content="https://www.facebook.com/line.daenen" />
<meta property="article:modified_time" content="2024-08-28T15:01:46+00:00" />
<meta name="twitter:card" content="summary_large_image" />
<meta name="twitter:label1" content="Durée de lecture estimée" />
	<meta name="twitter:data1" content="3 minutes" />
<script type="application/ld+json" class="yoast-schema-graph">{"@context":"https://schema.org","@graph":[{"@type":"WebPage","@id":"https://linedaenen.com/index.php/about/","url":"https://linedaenen.com/index.php/about/","name":"About -","isPartOf":{"@id":"https://linedaenen.com/#website"},"datePublished":"2023-04-13T20:32:46+00:00","dateModified":"2024-08-28T15:01:46+00:00","breadcrumb":{"@id":"https://linedaenen.com/index.php/about/#breadcrumb"},"inLanguage":"fr-FR","potentialAction":[{"@type":"ReadAction","target":["https://linedaenen.com/index.php/about/"]}]},{"@type":"BreadcrumbList","@id":"https://linedaenen.com/index.php/about/#breadcrumb","itemListElement":[{"@type":"ListItem","position":1,"name":"Accueil","item":"https://linedaenen.com/"},{"@type":"ListItem","position":2,"name":"About"}]},{"@type":"WebSite","@id":"https://linedaenen.com/#website","url":"https://linedaenen.com/","name":"Line Daenen","description":"","publisher":{"@id":"https://linedaenen.com/#organization"},"potentialAction":[{"@type":"SearchAction","target":{"@type":"EntryPoint","urlTemplate":"https://linedaenen.com/?s={search_term_string}"},"query-input":"required name=search_term_string"}],"inLanguage":"fr-FR"},{"@type":"Organization","@id":"https://linedaenen.com/#organization","name":"Line Daenen","url":"https://linedaenen.com/","logo":{"@type":"ImageObject","inLanguage":"fr-FR","@id":"https://linedaenen.com/#/schema/logo/image/","url":"https://linedaenen.com/wp-content/uploads/2024/07/DYOD_7171.jpg","contentUrl":"https://linedaenen.com/wp-content/uploads/2024/07/DYOD_7171.jpg","width":1555,"height":2333,"caption":"Line Daenen"},"image":{"@id":"https://linedaenen.com/#/schema/logo/image/"},"sameAs":["https://www.facebook.com/line.daenen","https://www.youtube.com/channel/UC3VL_rU4orGFkJdhfT6GgGQ"]}]}</script>
<!-- / Yoast SEO plugin. -->

[vc_row][vc_column width=&#8221;1/3&#8243;][vc_single_image image=&#8221;2608&#8243; img_size=&#8221;Large&#8221;][/vc_column][vc_column width=&#8221;1/3&#8243;][vc_column_text]Musicienne au bagage multiple, elle ne cesse de par sa curiosité débordante, d&#8217;explorer différents styles de musiques tels que le choro (musique brésilienne), la salsa, l’improvisation libre en passant par le jazz. Détentrice d&#8217;un baccalauréat en...
